ns digit of 143088?
8
What is the hundred thousands digit of 1913681?
9
What is the units digit of 551284?
4
What is the hundreds digit of 1364870?
8
What is the hundreds digit of 9115157?
1
What is the ten thousands digit of 3926596?
2
What is the tens digit of 5963641?
4
What is the hundreds digit of 195780?
7
What is the hundred thousands digit of 247537?
2
What is the hundred thousands digit of 1594276?
5
What is the tens digit of 2377633?
3
What is the ten thousands digit of 470569?
7
What is the hundreds digit of 364599?
5
What is the ten thousands digit of 15801030?
0
What is the thousands digit of 4966713?
6
What is the ten thousands digit of 259556?
5
What is the ten millions digit of 18810798?
1
What is the ten thousands digit of 2924050?
2
What is the millions digit of 38892603?
8
What is the units digit of 9569699?
9
What is the hundreds digit of 251274?
2
What is the thousands digit of 9804293?
4
What is the millions digit of 5488543?
5
What is the hundreds digit of 3529435?
4
What is the units digit of 26886?
6
What is the units digit of 4578?
8
What is the hundred thousands digit of 1137064?
1
What is the hundreds digit of 4591936?
9
What is the millions digit of 3338564?
3
What is the millions digit of 1645883?
1
What is the ten millions digit of 11262169?
1
What is the thousands digit of 667956?
7
What is the millions digit of 1529975?
1
What is the thousands digit of 3749278?
9
What is the millions digit of 2436119?
2
What is the units digit of 1988385?
5
What is the ten thousands digit of 521569?
2
What is the ten thousands digit of 878380?
7
What is the tens digit of 317471?
7
What is the thousands digit of 2152047?
2
What is the units digit of 12966197?
7
What is the hundreds digit of 347126?
1
What is the units digit of 8356997?
7
What is the tens digit of 1240987?
8
What is the hundred thousands digit of 2387358?
3
What is the tens digit of 22629340?
4
What is the hundred thousands digit of 8786895?
7
What is the units digit of 12183?
3
What is the hundred thousands digit of 204029?
2
What is the ten thousands digit of 3278125?
7
What is the ten thousands digit of 235792?
3
What is the thousands digit of 959333?
9
What is the thousands digit of 494861?
4
What is the ten thousands digit of 2313164?
1
What is the hundreds digit of 24215?
2
What is the ten thousands digit of 346737?
4
What is the hundreds digit of 512138?
1
What is the ten thousands digit of 4423833?
2
What is the hundreds digit of 30145925?
9
What is the tens digit of 4974602?
0
What is the units digit of 25506748?
8
What is the ten thousands digit of 4961840?
6
What is the tens digit of 3512544?
4
What is the ten thousands digit of 313478?
1
What is the units digit of 355123?
3
What is the units digit of 12921211?
1
What is the millions digit of 3969778?
3
What is the millions digit of 2135290?
2
What is the hundreds digit of 133916?
9
What is the tens digit of 28931634?
3
What is the tens digit of 2861537?
3
What is the units digit of 5200189?
9
What is the thousands digit of 9489333?
9
What is the hundred thousands digit of 748847?
7
What is the units digit of 190078?
8
What is the units digit of 195549?
9
What is the tens digit of 15606626?
2
What is the hundred thousands digit of 1625390?
6
What is the units digit of 21302?
2
What is the tens digit of 10866211?
1
What is the tens digit of 352104?
0
What is the units digit of 120191?
1
What is the hundred thousands digit of 5770747?
7
What is the tens digit of 1736642?
4
What is the ten thousands digit of 3216798?
1
What is the thousands digit of 662672?
2
What is the thousands digit of 936160?
6
What is the hundreds digit of 308530?
5
What is the thousands digit of 690776?
0
What is the units digit of 112074?
4
What is the thousands digit of 22740172?
0
What is the thousands digit of 9985857?
5
What is the hundred thousands digit of 857042?
8
What is the units digit of 7094108?
8
What is the hundred thousands digit of 3337411?
3
What is the ten thousands digit of 555273?
5
What is the hundreds digit of 840825?
8
What is the hundred thousands digit of 697033?
6
What is the millions digit of 6057820?
6
What is the tens digit of 31099651?
5
What is the millions digit of 2711466?
2
What is the millions digit of 2000922?
2
What is the millions digit of 3974759?
3
What is the hundreds digit of 759367?
3
What is the hundred thousands digit of 5827399?
8
What is the units digit of 476291?
1
What is the ten thousands digit of 912161?
1
What is the hundred thousands digit of 375842?
3
What is the units digit of 5101059?
9
What is the ten thousands digit of 7205637?
0
What is the hundreds digit of 9784688?
6
What is the hundreds digit of 337344?
3
What is the ten thousands digit of 1382441?
8
What is the hundred thousands digit of 2652567?
6
What is the ten thousands digit of 1136894?
3
What is the units digit of 285330?
0
What is the hundreds digit of 901047?
0
What is the tens digit of 1211027?
2
What is the tens digit of 153839?
3
What is the ten thousands digit of 179865?
7
What is the thousands digit of 2740612?
0
What is the ten thousands digit of 1383040?
8
What is the tens digit of 56235?
3
What is the thousands digit of 353817?
3
What is the units digit of 620239?
9
What is the units digit of 19901639?
9
What is the hundreds digit of 111731?
7
What is the units digit of 636849?
9
What is the hundreds digit of 149133?
1
What is the ten thousands digit of 4789122?
8
What is the tens digit of 1656807?
0
What is the hundred thousands digit of 463394?
4
What is the hundreds digit of 138927?
9
What is the millions digit of 1520645?
1
What is the tens digit of 1217255?
5
What is the thousands digit of 11021399?
1
What is the tens digit of 3071991?
9
What is the millions digit of 1609891?
1
What is the tens digit of 539089?
8
What is the tens digit of 2632835?
3
What is the hundreds digit of 3820681?
6
What is the hundreds digit of 50210?
2
What is the thousands digit of 724031?
4
What is the hundred thousands digit of 182208?
1
What is the tens digit of 24984847?
4
What is the thousands digit of 144070?
4
What is the thousands digit of 1571975?
1
What is the ten thousands digit of 13890013?
9
What is the millions digit of 8175936?
8
What is the hundreds digit of 275547?
5
What is the hundred thousands digit of 524658?
5
What is the tens digit of 284808?
0
What is the tens digit of 11482811?
1
What is the ten thousands digit of 1712853?
1
What is the hundreds digit of 470715?
7
What is the units digit of 120998?
8
What is the hundreds digit of 422991?
9
What is the ten thousands digit of 1118918?
1
What is the units digit of 1066681?
1
What is the tens digit of 708303?
0
What is the millions digit of 23426517?
3
What is the hundreds digit of 153660?
6
What is the hundreds digit of 410402?
4
What is the thousands digit of 175396?
5
What is the thousands digit of 858349?
8
What is the thousands digit of 1339325?
9
What is the hundred thousands digit of 2323677?
3
What is the ten thousands digit of 335457?
3
What is the tens digit of 2669659?
5
What is the ten millions digit of 20281035?
2
What is the thousands digit of 2422063?
2
What is the tens digit of 336981?
8
What is the ten thousands digit of 362230?
6
What is the tens digit of 2132203?
0
What is the thousands digit of 73045?
3
What is the hundred thousands digit of 8842206?
8
What is the hundred thousands digit of 1084376?
0
What is the hundreds digit of 5014664?
6
What is the tens digit of 968102?
0
What is the millions digit of 6555015?
6
What is the units digit of 4096389?
9
What is the hundreds digit of 217517?
5
What is the units digit of 13296568?
8
What is the units digit of 19741466?
6
What is the millions digit of 25579525?
5
What is the hundred thousands digit of 2580776?
5
What is the thousands digit of 730058?
0
What is the ten thousands digit of 321733?
2
What is the ten millions digit of 17288578?
1
What is the hundred thousands digit of 1678297?
6
What is the units digit of 797188?
8
What is the hundred thousands digit of 290829?
2
What is the millions digit of 12645789?
2
What is the tens digit of 1896653?
5
What is the thousands digit of 1078424?
8
What is the tens digit of 1317468?
6
What is the ten thousands digit of 296910?
9
What